{"id":644,"date":"2018-06-18T14:12:35","date_gmt":"2018-06-18T17:12:35","guid":{"rendered":"https:\/\/itg-crr.infd.edu.ar\/sitio\/?page_id=644"},"modified":"2021-03-13T19:23:49","modified_gmt":"2021-03-13T22:23:49","slug":"catalogo","status":"publish","type":"page","link":"https:\/\/itg-crr.infd.edu.ar\/sitio\/catalogo\/","title":{"rendered":"Carreras"},"content":{"rendered":"<h1 class=\"h2juan\">Tecnicatura Universitaria en Programaci\u00f3n<\/h1>\n<p>En agosto de 2007 comenz\u00f3 a dictarse la carrera T\u00e9cnico Superior en Programaci\u00f3n en la Facultad Regional Haedo de la Universidad Tecnol\u00f3gica Nacional.<\/p>\n<p>Con la excelencia acad\u00e9mica que caracteriza a nuestra Universidad y el aval de profesores que d\u00eda a d\u00eda se desempe\u00f1an en el \u00e1mbito de la programaci\u00f3n y el desarrollo de sistemas, la Tecnicatura Superior en Programaci\u00f3n es una excelente opci\u00f3n para aquellos que buscan una carrera \u00e1gil, corta, con ampl\u00edsimas perspectivas de crecimiento y salida laboral inmediata.<\/p>\n","protected":false},"excerpt":{"rendered":"<p>Tecnicatura Universitaria en Programaci\u00f3n En agosto de 2007 comenz\u00f3 a dictarse la carrera T\u00e9cnico Superior en Programaci\u00f3n en la Facultad Regional Haedo de la Universidad Tecnol\u00f3gica Nacional. Con la excelencia acad\u00e9mica que caracteriza a nuestra Universidad y el aval de profesores que d\u00eda a d\u00eda se desempe\u00f1an en el \u00e1mbito de la programaci\u00f3n y el &#8230; <a title=\"Carreras\" class=\"read-more\" href=\"https:\/\/itg-crr.infd.edu.ar\/sitio\/catalogo\/\" aria-label=\"More on Carreras\">[+]<\/a><\/p>\n","protected":false},"author":1,"featured_media":0,"parent":0,"menu_order":0,"comment_status":"closed","ping_status":"closed","template":"","meta":[],"acf":[],"_links":{"self":[{"href":"https:\/\/itg-crr.infd.edu.ar\/sitio\/wp-json\/wp\/v2\/pages\/644"}],"collection":[{"href":"https:\/\/itg-crr.infd.edu.ar\/sitio\/wp-json\/wp\/v2\/pages"}],"about":[{"href":"https:\/\/itg-crr.infd.edu.ar\/sitio\/wp-json\/wp\/v2\/types\/page"}],"author":[{"embeddable":true,"href":"https:\/\/itg-crr.infd.edu.ar\/sitio\/wp-json\/wp\/v2\/users\/1"}],"replies":[{"embeddable":true,"href":"https:\/\/itg-crr.infd.edu.ar\/sitio\/wp-json\/wp\/v2\/comments?post=644"}],"version-history":[{"count":10,"href":"https:\/\/itg-crr.infd.edu.ar\/sitio\/wp-json\/wp\/v2\/pages\/644\/revisions"}],"predecessor-version":[{"id":785,"href":"https:\/\/itg-crr.infd.edu.ar\/sitio\/wp-json\/wp\/v2\/pages\/644\/revisions\/785"}],"wp:attachment":[{"href":"https:\/\/itg-crr.infd.edu.ar\/sitio\/wp-json\/wp\/v2\/media?parent=644"}],"curies":[{"name":"wp","href":"https:\/\/api.w.org\/{rel}","templated":true}]}}

<h1 class="h2juan">Tecnicatura Universitaria en Programación</h1>
<p>En agosto de 2007 comenzó a dictarse la carrera Técnico Superior en Programación en la Facultad Regional Haedo de la Universidad Tecnológica Nacional.</p>
<p>Con la excelencia académica que caracteriza a nuestra Universidad y el aval de profesores que día a día se desempeñan en el ámbito de la programación y el desarrollo de sistemas, la Tecnicatura Superior en Programación es una excelente opción para aquellos que buscan una carrera ágil, corta, con amplísimas perspectivas de crecimiento y salida laboral inmediata.</p>

<p>Tecnicatura Universitaria en Programación En agosto de 2007 comenzó a dictarse la carrera Técnico Superior en Programación en la Facultad Regional Haedo de la Universidad Tecnológica Nacional. Con la excelencia académica que caracteriza a nuestra Universidad y el aval de profesores que día a día se desempeñan en el ámbito de la programación y el &#8230; <a title="Carreras" class="read-more" href="https://itg-crr.infd.edu.ar/sitio/catalogo/" aria-label="More on Carreras">[+]</a></p>
